Let n = 36 - 29. What is the greatest common factor of 70 and n?
7
Suppose 2*c - c + 3*f = 13, 5*c = 3*f + 65. What is the highest common factor of 65 and c?
13
Let j be (-14)/(-21) - 11/3. Let p be 10/((-2)/(j - 1)). Let n = -4 + 8. What is the highest common factor of p and n?
4
Let z = 71 - 65. Let v = 45 - 27. Calculate the highest common factor of v and z.
6
Let u(b) = -b**3 + 5*b**2 - 7*b + 6. Let q be u(4). Let j(h) = -2*h. Let k be j(q). Calculate the highest common factor of 12 and k.
12
Suppose 0 = -r - y + 3, -r = 4*y - 2*y + 1. Suppose 68 = 2*l - 2*a - a, -3*l - 3*a = -72. Calculate the greatest common divisor of r and l.
7
Let l be 10/1 + (2 - 2). Let h = l + -4. Let t be 4/h - (-75)/9. What is the highest common divisor of 18 and t?
9
Suppose 3 = 2*f - f. Let o be (-1 + f)/((-4)/(-10)). Suppose -4*x + 416 = -o*q, -2*x - 3*q = -5*q - 206. Calculate the highest common divisor of 11 and x.
11
Let c be (-2)/((-396)/(-100) + -4). What is the greatest common factor of c and 20?
10
Suppose 3*s - 2*a = -0*s + 41, -3*a = 5*s - 43. Suppose 0 = -2*k - 4*n + 46, -3*k + 3*n + 180 = 2*k. Calculate the highest common factor of k and s.
11
Let z = -38 - -64. What is the highest common divisor of 2 and z?
2
Let l(g) = g**2 + 4*g - 4. Let n be l(-6). Let x be 13 - 3 - 1*2. What is the greatest common factor of n and x?
8
Suppose 3*v - 10 + 1 = 0. Let g be (v - 5/2)*46. What is the highest common factor of g and 207?
23
Let j(z) = -z**3 + 7*z**2 - 5*z + 9. Let k be (-158)/(-10) - 3/(-15). Let t = k + -10. Let f be j(t). Calculate the highest common divisor of f and 15.
15
Let z be 2*(13/(-2) + 0). Let i = -7 - z. Let w(h) = 6*h**2 - 4*h. Let v be w(-3). Calculate the highest common divisor of v and i.
6
Let k = 64 + -56. Calculate the highest common factor of 16 and k.
8
Let t = 20 - 17. What is the greatest common factor of 2 and t?
1
Let b be (-28)/42 - (-34)/6. Suppose 8*a - 96 = b*a. Calculate the greatest common divisor of a and 16.
16
Let h(l) = -2*l. Let x be h(1). Let p be x + 1/(-2)*2. Let y be (-3)/(-2*p/(-6)). What is the greatest common divisor of 30 and y?
3
Suppose 0 = -2*y + 4*y - 154. Suppose 10*f - y = 3*f. What is the highest common factor of 55 and f?
11
Suppose 4*v - 394 = -2*i + i, 0 = i - 3*v - 359. Calculate the highest common factor of i and 11.
11
Let l(z) = -z - 5. Let h be l(-8). What is the greatest common divisor of 33 and h?
3
Let z(t) = t**3 - t**2. Let k be z(-1). Let u = k + 2. Suppose u = 3*v + 5*m - 44, -3*v + 19 = -2*m - 39. What is the greatest common divisor of v and 2?
2
Suppose 2*o + 3*o = 15. Let q(k) = -k**2 + 12*k - 12*k - 1 - k**3. Let d be q(-2). Calculate the greatest common factor of o and d.
3
Let g = 13 + -13. Suppose g = 4*n - 2*n + 3*t - 374, -n - t + 186 = 0. Let s(i) = 4*i + 3. Let r be s(5). What is the greatest common divisor of r and n?
23
Let p be -15*((-20)/30 + 1/15). Suppose 3 = 4*h - 393. Calculate the highest common factor of h and p.
9
Let n be 0/(0/(-1) - -2). Suppose -2*i - f + 28 = i, -2*i + 5*f + 13 = n. What is the greatest common divisor of i and 3?
3
Suppose m - 5 = -2. Suppose 2*a - 4 = 5*w, 6 = m*a - 0*w + 5*w. Let v = 9 - 5. What is the greatest common factor of v and a?
2
Let z(d) = d**2 - 4*d + 6. Let o be z(6). Calculate the greatest common divisor of 90 and o.
18
Let r be (-40)/(-5) - 4 - -37. What is the highest common divisor of r and 287?
41
Suppose 5*f - 69 = -0*f + x, -2*f - 2*x + 18 = 0. Let v be (-4)/6 - 628/(-6). What is the highest common factor of f and v?
13
Let j(b) = 20*b**3 + b**2. Let g be j(1). Let f(x) = -22*x - 8. Let q be f(-8). What is the highest common divisor of q and g?
21
Let s = 140 + 14. What is the highest common factor of 14 and s?
14
Suppose 60 = 5*n - 5*t, -4*t = -5*n - 7*t + 20. Calculate the greatest common factor of 77 and n.
7
Let j(s) = -15*s - 3. Let y be j(-2). Suppose w = 2*w + 2*t - y, w = -t + 29. Let f = w + -20. Calculate the highest common divisor of f and 77.
11
Suppose -6*l - 1935 = -11*l. What is the greatest common divisor of l and 43?
43
Let z be ((-3)/3)/(1/(-8)). Calculate the highest common factor of 12 and z.
4
Suppose 22*i = -22*i + 792. Suppose -25 = 3*s - 10, r + 5*s = 65. What is the greatest common divisor of r and i?
18
Let u(o) = 4*o**3 - 3*o**2 - o. Let i be u(2). Calculate the highest common divisor of i and 12.
6
Let q = 42 - -127. Calculate the highest common factor of 13 and q.
13
Let p(m) = 12*m**2 + 3*m + 1. Let n be p(-2). Let f = n - 16. Suppose 3*g = 9 + f. What is the highest common factor of 3 and g?
3
Let u be (-2)/6 + (-610)/(-30). Calculate the greatest common divisor of u and 60.
20
Let q(h) = -h**3 + h + 3. Let b be q(0). What is the highest common factor of 3 and b?
3
Suppose -z + 2*z - c = 3, -19 = -z + 5*c. Let w(h) = 7*h**2 - h. Let g be w(z). What is the greatest common factor of 8 and g?
8
Suppose 0 = 3*z + 5*z - 48. Calculate the highest common divisor of z and 3.
3
Let o(d) = -2*d**2 + 2 - 3*d + 0*d - d + 7*d**2. Let z be o(2). Calculate the greatest common divisor of 28 and z.
14
Suppose 218 = 3*n - 4*z, -2*z + 72 = n - 3*z. Calculate the highest common divisor of n and 28.
14
Let i be ((-32)/(-6))/(22/165). What is the greatest common divisor of 8 and i?
8
Suppose 2*b - 40 = b. Let a = 35 + -3. Suppose w = -w + a. Calculate the greatest common factor of b and w.
8
Let p(w) = 11*w + 1. Suppose -3*a - 5 = -4*f, -a - 2*a = f - 5. Let h be p(a). Calculate the greatest common factor of 12 and h.
12
Let l be 6/3 + 56/1. Suppose 2*x - l = -5*b + 72, -48 = -b + 4*x. What is the highest common factor of b and 7?
7
Let r(u) = -56*u**3 + u**2 + 3*u + 1. Let v be r(-2). Let a be (v/(-9) - -3)*-3. Calculate the greatest common factor of 20 and a.
20
Suppose -4*q = -5*q - 4*v - 8, -5*q - 5*v - 10 = 0. Suppose q = -5*l + 260 + 140. Suppose n = -2*n + 48. Calculate the highest common divisor of n and l.
16
Let s be 31*(5 + (-20)/5). Let c be -1 + (-2 - -1) - -1. Let l = s - c. Calculate the highest common divisor of 4 and l.
4
Let v = -8 + 18. Let g(u) = -u**2 + 13*u - 4. Let k be g(v). What is the greatest common divisor of 52 and k?
26
Suppose -s = 5*h + 25 - 77, 2*h = 4*s - 98. Let f be s - (-2 - -2)/3. Suppose -m - f = -3*t + m, -15 = -5*m. Calculate the highest common divisor of t and 33.
11
Let i(s) = 2 - 2*s**2 + s**3 - 2 + 1 - 5*s. Let b be i(4). Suppose -5*a - 11 = -76. What is the greatest common factor of b and a?
13
Suppose 38 = 2*k + 5*i, 4*k + 6*i = 3*i + 76. Calculate the greatest common factor of k and 209.
19
Let t = -2 + -1. Let r be (t - -2)/((-3)/12). What is the highest common factor of r and 12?
4
Suppose -3*h - 2*r + 55 = 3*r, r = 3*h - 25. Calculate the highest common factor of h and 20.
10
Let w = 91 + -67. Calculate the greatest common factor of w and 60.
12
Suppose 0 = -4*m + 2*m - 8. Suppose 0 = a - 6 - 4. Let q = m + a. Calculate the highest common divisor of 6 and q.
6
Let q = 128 - 193. Let j = q - -131. Suppose 10*g - 17*g + 42 = 0. What is the greatest common divisor of g and j?
6
Suppose -q - 4*q = 0. Let o = 1 + 0. Let m = q + o. Calculate the greatest common factor of 3 and m.
1
Let a(l) = l**2 - 16*l - 54. Let v be a(22). What is the greatest common divisor of 52 and v?
26
Let x be 9/(-90)*56*25/(-2). Let k = 18 + -4. What is the highest common divisor of k and x?
14
Let j = 0 + 5. Suppose 5*n + 3*c - 1 = 11, -c + 4 = 2*n. Suppose j*h - 5 = -n*h. Calculate the highest common divisor of h and 8.
1
Let v be (2*-18)/(-2 + (-10)/(-8)). Calculate the greatest common divisor of v and 32.
16
Suppose -146 = -5*g - 0*g - 2*d, 4*d = -5*g + 142. What is the highest common divisor of g and 40?
10
Suppose 5*v = 4*w - 25, -5*w + 8*w + 3*v + 15 = 0. Let r be 1 + 2 + w + 30. Calculate the greatest common factor of 22 and r.
11
Let v = -55 - -181. Calculate the highest common divisor of v and 18.
18
Let t = -68 + 102. Calculate the greatest common divisor of 34 and t.
34
Let p(h) = 2*h - 16. Let a be p(12). Suppose 2*n - 5*n + 168 = 0. What is the highest common divisor of n and a?
8
Suppose -10 = 3*j - 52. Calculate the greatest common factor of j and 126.
14
Let s be ((-26)/4)/((-4)/176). Let o be (3*-1)/((-33)/s). Let k be 12 + 0 + (0 - -1). What is the greatest common factor